ime factors of b?
41
Suppose 404 = 3*j - m - 507, 0 = -j - 2*m + 313. Let k = -183 + j. What are the prime factors of k?
2, 61
Let u(w) = 50*w**2 - 4. Suppose d = 4 - 2. Let i be u(d). Suppose 5*h - 99 = i. List the prime factors of h.
59
Let m(v) = 9*v + 13. Let n be m(-7). Let k = -18 - n. List the prime factors of k.
2
Let q(p) = 92*p + 4. Let h be q(17). Suppose -w + h = 15*w. What are the prime factors of w?
2, 7
Let f = 2057 - 1220. What are the prime factors of f?
3, 31
Suppose 5*p - 4*o - 151 = 0, 2 = -5*o + 7. Let j(a) = 9*a - 52. List the prime factors of j(p).
227
Let p = -39 + 44. Suppose 0 = -p*v + z + 235, 0*v - z = v - 53. List the prime factors of v.
2, 3
Let x = 6 - 7. Let h be ((-84)/8)/(x/2). Suppose 0 = -9*o + 8*o + h. List the prime factors of o.
3, 7
Let n(p) = p**3 + p**2 + p - 1. Let a(t) = -5*t**3 + 7*t**2 + 4*t - 7. Let j(u) = -a(u) - 3*n(u). List the prime factors of j(6).
2, 5
What are the prime factors of ((-2505)/(-25))/((-12)/(-20))?
167
What are the prime factors of 1*-5 - 33*(-136)/12?
3, 41
Let y(f) = -f**2 - 8*f - 7. Let u be y(-7). Suppose -4*m = v - 235, 2*m + 2*v - 79 - 37 = u. What are the prime factors of m?
59
Suppose 3*u + 104 = 5*d - 61, -d = -4*u - 203. Let x = u - -126. List the prime factors of 1/(4*1/x).
19
Suppose s + 31 + 41 = -5*t, 4*t + 2*s + 54 = 0. Let x be (1 - 3)/(6/t). Suppose -3*u = 3, -x*q + 2*u + 138 = -q. What are the prime factors of q?
2, 17
Let s be (-1)/4 - 380/16. Let q = -7 - s. What are the prime factors of q?
17
Let g = -11 + 9. Let j(u) = -13*u + 61. Let t(b) = 3*b - 15. Let s(k) = g*j(k) - 9*t(k). List the prime factors of s(9).
2
What are the prime factors of (-33)/2*850/(-51)?
5, 11
Let d = 1777 - 696. List the prime factors of d.
23, 47
What are the prime factors of ((-14 - 3)*-1)/1?
17
Let u be (1 + (-1 - -1))*-279. Let v = -134 - u. What are the prime factors of v?
5, 29
Suppose -b - 9 = -4*b. Let m(r) = 2*r**3 - 6*r**2 + 5*r + 7. What are the prime factors of m(b)?
2, 11
Suppose 0*n + 5280 = 3*n + 3*f, 4*f = 0. List the prime factors of n.
2, 5, 11
Let o(p) = -p**3 + 24*p**2 - p - 2. Let z be o(24). What are the prime factors of (-2414)/z + (335/65 - 5)?
3, 31
Let q be (-2)/(-2) + -2 - 3. Let t(n) be the second derivative of n**5/20 + 5*n**4/12 - 5*n**3/6 - 5*n**2/2 - 4*n - 66. List the prime factors of t(q).
31
Let d(b) = -11*b + 82. What are the prime factors of d(0)?
2, 41
List the prime factors of 210*((-5)/(-3) - -5).
2, 5, 7
Let s = 17 - 2. Let y = s + -12. Let v(t) = -t**3 + 4*t**2 + 2*t + 5. What are the prime factors of v(y)?
2, 5
Let i(l) = -l**3 - 16*l**2 + 9*l - 10. Let n be i(-17). What are the prime factors of (-1*14)/((-12)/n)?
3, 7
Let j(b) = b**3 + 21*b**2 - 26*b + 54. Let c be j(-22). Suppose 0 = -2*z - 5*s + 3*s + 170, 5*s = 2*z - c. List the prime factors of z.
3
Let l = 630 + 324. What are the prime factors of l?
2, 3, 53
Let c(a) be the second derivative of -53*a**3/6 - a**2/2 - 15*a. Let w be (-3)/(18/3)*2. What are the prime factors of c(w)?
2, 13
Let i(n) = 1. Let c(g) = -g - 10. Let w(k) = -c(k) - 2*i(k). Let j be w(-6). Suppose 0 = 3*h + j*h - 20. What are the prime factors of h?
2
Let w = -5 - -9. Suppose -l = 2*m - 43, 0*l + 117 = 4*l - 3*m. Suppose 0 = -4*u + 5*y + l, -w*u - 2*y = -3*y - 45. List the prime factors of u.
2, 3
Let v(l) = 10*l**2 - 3*l - 2. Let k be v(-2). Suppose u - k = -3*u. Let n = 19 - u. List the prime factors of n.
2
Suppose -203 = -2*t + c + 96, t = 2*c + 142. List the prime factors of t.
2, 19
Let m(b) = -b**3 - 8*b**2 + 19*b + 14. List the prime factors of m(-13).
2, 3, 17
Let n = -1146 - -1794. What are the prime factors of n?
2, 3
Let o = -45 - -660. Let d = -351 + o. Suppose 6*a - d = 114. What are the prime factors of a?
3, 7
What are the prime factors of (-43)/(-344) - (-35253)/24?
13, 113
Suppose 2*l = -4*n + 90, -8*l - 55 = -4*n - 3*l. What are the prime factors of n?
2, 5
What are the prime factors of (-2 - -6 - -2)*1035/54?
5, 23
What are the prime factors of (5 + -2)/((-3)/(1143/(-3)))?
3, 127
Let p(m) = 2*m**3 - 16*m**2 - 44*m - 9. What are the prime factors of p(14)?
11, 157
Suppose 0 = 3*r - 3*b - 2*b + 10, 2*r - 2*b = -4. Suppose r = 4*g + 533 - 2409. List the prime factors of g/35 - 4/10.
13
Suppose 4*u = -2*q - u + 909, -435 = -q + 4*u. Let t = q + -246. What are the prime factors of t?
3, 67
Suppose -g - 3*h = -133 - 143, -2*g - 2*h + 568 = 0. What are the prime factors of g?
2, 3
Let j(x) = -x**3 + 10*x**2 - 11*x + 12. Let v be j(9). Let a = v - -196. List the prime factors of a.
2, 5, 19
Let i(g) = -g**3 + 9*g**2 - 14*g + 2. Let f be i(7). Suppose -f*k - h + 36 = 0, 0 = -3*k + h + 19 + 40. What are the prime factors of k?
19
List the prime factors of (-171252)/(-54) + -10 - (-10)/6.
3163
Let g be (-3 - -2) + 0 + -34. List the prime factors of (0 - 180/g)*7.
2, 3
Let s(q) = -2*q**2 + 20*q + 9. Let g be s(10). Let c = g + -5. Suppose 27 = c*l - 13. What are the prime factors of l?
2, 5
Let n be ((-4)/6)/(8/(-24)). Let d(w) = -w**3 + 9*w**2 - 5*w**3 - 8*w - w**n + 5*w**3. List the prime factors of d(6).
2, 3
Let y(w) = -w + 2. Suppose -4*g + 4 + 0 = 4*d, -2*d = 3*g. Let f be y(d). List the prime factors of 2 - (-10 - f - -1).
2, 5
Suppose -3*h + 7492 = 5*g, -2*g = 17*h - 13*h - 2994. What are the prime factors of g?
1499
List the prime factors of ((-6690)/45)/((-6)/18).
2, 223
Suppose -5*v - 3*v + 16 = 0. Suppose z - 429 + 77 = 5*o, 0 = z - v*o - 352. What are the prime factors of z?
2, 11
Let k(x) = -34*x - 126. Let u be k(-4). Let j(r) = 3*r**2 + r - 1. Let y be j(1). Suppose 119 = y*v - u. List the prime factors of v.
43
Suppose 16*r - 18 = 7*r. Let i(m) = 4*m**3 - 2*m. What are the prime factors of i(r)?
2, 7
Suppose -5*s + 38 = 2*r, -3*r + s + 129 = 38. Let p be r + (-3)/1 + 3. Suppose 0*d = d - 4*y - p, 0 = d - y - 20. What are the prime factors of d?
17
Let w be (4/((-20)/(-145)))/(1 + -2). Let m(k) = 18*k - 2. Let f be m(4). Let s = w + f. List the prime factors of s.
41
Let j = 8 + -8. Let i = j - 38. Let k = 72 + i. What are the prime factors of k?
2, 17
Suppose -631 + 31 = -8*l. Let a(z) = -7*z - 3. Let s be a(6). Let w = s + l. List the prime factors of w.
2, 3, 5
Suppose -4*i + 8 = -4. Let k be i + (-381)/(-3) + 2. List the prime factors of (5/(-2))/((-11)/k).
2, 3, 5
Let j = -3 - 6. Let x be j/2*152/(-12). Suppose 14*r - x = 11*r. What are the prime factors of r?
19
Let q(a) = 3*a**3 + 21*a**2 - a + 1. List the prime factors of q(-7).
2
Let t(r) = r**3 - 2*r**2 - 6*r - 5. Let n be t(4). List the prime factors of 1/n - (-1 - (-448)/(-6)).
2, 19
Let b = 1044 - 730. List the prime factors of b.
2, 157
Suppose -a = -4*a + 123. Suppose 0 = 2*d - u - a, -4*u = d - 28 + 3. List the prime factors of d.
3, 7
Suppose -324 = 2*g - 2082. What are the prime factors of g?
3, 293
Suppose 500*i - 7893 = 497*i. List the prime factors of i.
3, 877
Suppose -277 = -2*d + 1173. What are the prime factors of d?
5, 29
Let t(c) = 112*c**2 + 4*c + 5. Let l(q) = q**2 - q - 1. Let z(x) = 5*l(x) + t(x). List the prime factors of z(-1).
2, 59
Suppose -o + 337 = v - 114, -o - 1 = 0. List the prime factors of v.
2, 113
Let v(p) = 92*p**2 - 2*p + 19. What are the prime factors of v(-3)?
853
Suppose -271*w = -276*w + 3160. What are the prime factors of w?
2, 79
Suppose 2*v - 15 + 11 = 0. What are the prime factors of v + (-8 - -3) - -31?
2, 7
Let y(h) = 2*h**3 - 13*h**2 + 31*h + 14. List the prime factors of y(12).
2, 5, 197
Suppose 0 = -3*g + f + 54, f + 3*f + 54 = 3*g. Suppose 428 = g*c - 14*c. What are the prime factors of c?
107
Suppose -k - 1877 = -5*m, -10*m + 4*k - 1867 = -15*m. List the prime factors of m.
3, 5
Suppose -5*s + 10*s = 1565. List the prime factors of s.
313
Suppose 3*h + 15 = -5*p, -h - p - 1 - 2 = 0. Suppose -4*d + h*d + 536 = 0. List the prime factors of d.
2, 67
Suppose -1725 = 17*c - 22*c. List the prime factors of c.
3, 5, 23
Let u(c) = c**2 + 8*c - 8. Let z be u(-9). Let w be (4 - -25)*z/(-1). Let q = w + 54. List the prime factors of q.
5
Let f(k) = k + 12. Let b be f(-8). Suppose b*j = 1398 - 490. Suppose 5*w - 287 = -3*x, 4*w + 6*x = x + j. What are the prime factors of w?
2, 29
Suppose 3*c + 3219 = -y + 7731, 3*y = 2*c - 3019. List the prime factors of c.
5, 7, 43
Suppose 4*l - 4*j 